, 3, 7, 11, 19, 28297
What are the prime factors of 2973141037?
61, 4793, 10169
List the prime factors of 3466969061.
41, 84560221
What are the prime factors of 136057544?
2, 7, 2429599
What are the prime factors of 1900094015?
5, 380018803
List the prime factors of 1942604053.
13, 149431081
List the prime factors of 424136277.
3, 15708751
What are the prime factors of 204990335?
5, 11, 17, 19, 1049
List the prime factors of 124222928.
2, 7763933
List the prime factors of 18306886.
2, 13, 704111
What are the prime factors of 1851159427?
13, 17, 263, 31849
List the prime factors of 181502908.
2, 37, 47, 97, 269
What are the prime factors of 121816017?
3, 13535113
List the prime factors of 17706133.
1217, 14549
List the prime factors of 2984413009.
191, 15625199
List the prime factors of 1511764310.
2, 5, 7, 1709, 12637
List the prime factors of 11886698.
2, 1619, 3671
List the prime factors of 528009446.
2, 67, 3940369
List the prime factors of 34002598.
2, 7, 31, 78347
What are the prime factors of 27914237?
13, 165173
List the prime factors of 301948446.
2, 3, 50324741
List the prime factors of 4043125.
5, 6469
List the prime factors of 1202176066.
2, 7, 13, 6605363
What are the prime factors of 5881907405?
5, 11, 53, 183437
What are the prime factors of 147503585?
5, 167, 176651
List the prime factors of 277433359.
7, 39633337
What are the prime factors of 3134720454?
2, 3, 2837, 184157
What are the prime factors of 204314030?
2, 5, 19, 1075337
What are the prime factors of 976198650?
2, 3, 5, 7, 17, 3217
List the prime factors of 377062552.
2, 23, 379, 5407
List the prime factors of 5435938428.
2, 3, 17, 53, 502769
List the prime factors of 158077775.
5, 6323111
List the prime factors of 142857395.
5, 43, 103, 6451
What are the prime factors of 336603127?
7, 199, 241639
List the prime factors of 1697878028.
2, 7, 11, 787513
What are the prime factors of 2643942357?
3, 7, 17, 822889
List the prime factors of 51631156.
2, 401, 32189
List the prime factors of 157039154.
2, 83, 251, 3769
What are the prime factors of 2062144678?
2, 11, 8521259
What are the prime factors of 95251446?
2, 3, 19, 41, 6793
What are the prime factors of 55609311?
3, 349, 53113
List the prime factors of 234838663.
17, 13814039
What are the prime factors of 233403601?
233403601
List the prime factors of 40424743.
53, 149, 5119
List the prime factors of 68422619.
68422619
List the prime factors of 111997043.
29, 3861967
List the prime factors of 1512935682.
2, 3, 163, 1546969
List the prime factors of 946517917.
30307, 31231
List the prime factors of 24985231.
829, 30139
What are the prime factors of 190390842?
2, 3, 43, 245983
List the prime factors of 89636033.
2053, 43661
List the prime factors of 345747238.
2, 823, 210053
What are the prime factors of 360750167?
17657, 20431
List the prime factors of 70053675.
3, 5, 934049
List the prime factors of 65319745.
5, 29, 450481
List the prime factors of 16289369.
59, 276091
What are the prime factors of 21412918?
2, 47, 227797
List the prime factors of 348271351.
2083, 167197
List the prime factors of 122309038.
2, 911, 67129
What are the prime factors of 15999980?
2, 5, 799999
List the prime factors of 301695709.
7, 857, 50291
What are the prime factors of 65932184?
2, 8241523
What are the prime factors of 1666666949?
61, 173, 157933
List the prime factors of 2179320230.
2, 5, 1399, 155777
What are the prime factors of 469829000?
2, 5, 17, 29, 953
List the prime factors of 169136901.
3, 193, 97373
What are the prime factors of 1758015737?
1758015737
List the prime factors of 1649522571.
3, 10733, 51229
What are the prime factors of 283594788?
2, 3, 37, 212909
What are the prime factors of 32559379?
32559379
What are the prime factors of 2410178693?
13, 185398361
What are the prime factors of 247545832?
2, 19, 1628591
What are the prime factors of 6235634622?
2, 3, 7, 6679, 22229
What are the prime factors of 1023304776?
2, 3, 13, 23, 142601
List the prime factors of 5122839332.
2, 13, 9323, 10567
List the prime factors of 29024338.
2, 7, 17, 121951
What are the prime factors of 48278541?
3, 23, 47, 14887
What are the prime factors of 414660019?
41, 79, 128021
List the prime factors of 3618147.
3, 13, 113, 821
What are the prime factors of 7905631613?
11, 3559, 201937
What are the prime factors of 1180689952?
2, 13, 821, 3457
List the prime factors of 307246125.
3, 5, 197, 4159
List the prime factors of 398899120.
2, 5, 23, 431, 503
List the prime factors of 125188306.
2, 17, 491, 7499
What are the prime factors of 249099104?
2, 97, 80251
What are the prime factors of 3502426217?
239, 14654503
What are the prime factors of 268559468?
2, 37, 49043
What are the prime factors of 39729284?
2, 7, 251, 5653
What are the prime factors of 37777123?
37777123
List the prime factors of 535226008.
2, 23, 2908837
List the prime factors of 67117503.
3, 22372501
List the prime factors of 1368882654.
2, 3, 8609, 26501
What are the prime factors of 1356071645?
5, 37, 7330117
What are the prime factors of 29339742?
2, 3, 37, 283, 467
What are the prime factors of 190350857?
11047, 17231
What are the prime factors of 32520443?
4733, 6871
What are the prime factors of 197717861?
11, 47, 89, 4297
What are the prime factors of 11350357?
173, 65609
List the prime factors of 25061398.
2, 23, 544813
What are the prime factors of 311932703?
12539, 24877
What are the prime factors of 3216089095?
5, 73, 349, 25247
List the prime factors of 206160904.
2, 17, 151, 10039
List the prime factors of 1803886154.
2, 7, 2789, 46199
What are the prime factors of 96631760?
2, 5, 127, 9511
What are the prime factors of 16882982?
2, 19, 444289
What are the prime factors of 60852799?
7, 8693257
What are the prime factors of 412937611?
412937611
What are the prime factors of 633439872?
2, 3, 13, 23, 613
List the prime factors of 244783567.
7, 47, 157, 677
What are the prime factors of 9244718?
2, 7, 660337
List the prime factors of 556901605.
5, 13, 8567717
What are the prime factors of 4965494128?
2, 7, 37, 109, 10993
List the prime factors of 110279332.
2, 27569833
List the prime factors of 56563643.
509, 111127
List the prime factors of 448867924.
2, 112216981
List the prime factors of 186307645.
5, 1049, 35521
List the prime factors of 40779033.
3, 47, 289213
What are the prime factors of 24090960?
2, 3, 5, 100379
List the prime factors of 85470114.
2, 3, 59, 241441
List the prime factors of 226776433.
13, 29, 293, 2053
What are the prime factors of 1362744949?
43, 89, 97, 3671
List the prime factors of 107240167.
1879, 57073
What are the prime factors of 13056460?
2, 5, 647, 1009
List the prime factors of 177599053.
177599053
What are the prime factors of 89449548?
2, 3, 7454129
What are the prime factors of 140972320?
2, 5, 881077
List the prime factors of 200941477.
11, 79, 2927
List the prime factors of 148471326.
2, 3, 1283, 2143
What are the prime factors of 12924667?
7, 101, 181
What are the prime factors of 94131693?
3, 431, 8089
List the prime factors of 45483302.
2, 19, 79, 109, 139
What are the prime factors of 75800818?
2, 593, 63913
What are the prime factors of 9010795873?
277, 379, 85831
What are the prime factors of 78192649?
53, 197, 7489
List the prime factors of 74967879.
3, 7, 23, 269, 577
List the prime factors of 954877266.
2, 3, 7, 79, 95929
List the prime factors of 54129234.
2, 3, 599, 15061
What are the prime factors of 375366977?
61, 6153557
List the prime factors of 26362505.
5, 13, 405577
List the prime factors of 944831903.
944831903
List the prime factors of 1250726161.
1250726161
What are the prime factors of 129042321?
3, 107, 181, 2221
List the prime factors of 659742046.
2, 329871023
List the prime factors of 127096898.
2, 63548449
List the prime factors of 931351302.
2, 3, 7, 283, 26119
What are the prime factors of 2010030945?
3, 5, 13, 41, 71, 3541
What are the prime factors of 52658466?
2, 3, 7, 233, 5381
List the prime factors of 837802790.
2, 5, 11, 692399
List the prime factors of 1604206395.
3, 5, 11, 331, 9791
List the prime factors of 362091092.
2, 11, 17, 484079
What are the prime factors of 83993049?
3, 7, 59, 383
What are the prime factors of 40068931?
7, 41, 149, 937
What are the prime factors of 1450702425